ns digit of j?
6
Let i be 7/(14/4) - 1. What is the tens digit of i/((-2170)/725 - -3)?
4
Suppose 0 = 5*d - 22 + 2. Suppose 2*h - d*l = 3*h + 13, 3*h = -l + 5. Suppose -5*b = -n + 40, h*b - 8 = -2*n + n. What is the units digit of n?
0
Suppose 11*q = 12*q + f, 0 = f - 2. What is the units digit of (-195)/(-9)*(q - -8)?
0
Let b = 41 + -67. Let w be (-1)/(b/(-14) - 2). Suppose 2*c + 135 = w*c. What is the units digit of c?
7
Let v = -15 - -14. What is the tens digit of 39 + -4 + v + 4?
3
What is the units digit of 7/(105/18237) + 2/10?
6
Let n(v) = -21*v + 88. What is the tens digit of n(-10)?
9
Suppose 37*n + 1342 = 39*n. What is the hundreds digit of n?
6
Suppose -1208 = -u - 3*y, -24*u + 5*y = -28*u + 4853. What is the hundreds digit of u?
2
Suppose -2*o + 5*l = 66, -3*o - 4*l - 31 = 22. Let h = o - -15. What is the units digit of (4/2)/(h/(-140))?
5
Suppose -4*x - x = 5*l - 5055, 0 = 5*l + x - 5067. What is the units digit of l?
4
Suppose -5*x - 2743 + 7088 = 5*t, -884 = -x + 2*t. What is the tens digit of x?
7
Suppose -5*n + 17 = -3*w, 2*n + 2*w + 0*w - 10 = 0. Let q = n - -96. What is the units digit of q?
0
Suppose -5*v = 59 + 176. Let o = 118 - v. What is the hundreds digit of o?
1
Suppose 0 = -6*l + 8*l - 106. Let n = 69 + l. What is the tens digit of n?
2
Let x be (0/(-2) - 0)*-1. Suppose 0 = -d + 2*j + 26 + 46, j + 4 = x. Suppose 0 = -2*v - 2*v + d. What is the tens digit of v?
1
Let p = 12 + 156. What is the hundreds digit of p?
1
Suppose 4*k - 34 - 30 = -4*s, -k + 2*s = -10. Suppose 10*i + 108 = k*i. What is the units digit of i?
7
What is the hundreds digit of 8/14 + 191920/280?
6
Let a be 1 + -3 + -2 + 554. Let r = a + -304. What is the tens digit of r?
4
Suppose -12*h - 540 = -3*h. Let a = -22 - h. What is the tens digit of a?
3
Let g(z) = 4*z - z**2 - 4*z + 9*z. Let u(s) = s**3 - s**2 - 5*s + 1. Let y be u(3). What is the units digit of g(y)?
0
Let m(z) = z**2 - 16*z - 92. What is the tens digit of m(23)?
6
Let o(m) = -28*m**3 - 5*m + 54*m**3 - 18*m**3 + 5 - m**2. What is the units digit of o(2)?
5
Let r = 2049 - 178. What is the hundreds digit of (-4)/(-56)*-4 + r/7?
2
Let k = -1490 - -2690. What is the tens digit of k?
0
Let s = -32 + 23. Let f be 12/(-4)*(-6)/s. What is the tens digit of (-110)/(-7) - f/7?
1
Let i(f) = -5*f + 12. Let k be i(2). What is the tens digit of (8 - 21)/(k*2/(-28))?
9
Let u = 1985 + -1473. What is the tens digit of u?
1
What is the hundreds digit of (-2)/15 + (1 - 13967/(-15))?
9
Let d be 1 + (4 - (2 - 16)). Let a(x) = x**2 + 5*x + 4. Let o be a(-3). Let g = d - o. What is the tens digit of g?
2
Suppose -c + 4 = 0, -5 = -2*q + 3*c + 17. Suppose u + p = -0*u + q, 2*p - 82 = -5*u. Let n = u + 44. What is the units digit of n?
0
Suppose 0*j - 898 = -4*f - 2*j, -3*j - 15 = 0. Suppose -5*b + f = y - 34, 4*b - 1060 = -4*y. What is the units digit of y?
6
Suppose 5*o - 11 = -0*c - 2*c, 3*c = -2*o. Let n(k) = -k**3 + 3*k**2 - k + 2. Let u be n(o). What is the tens digit of ((-126)/(-7))/(u/(-1))?
1
Suppose -3*p - 21 = -5*f + 5, -3*f - p + 10 = 0. Suppose 4*n - 4*t - 108 = 0, 2*n - 3*n = f*t - 37. What is the units digit of n?
9
Suppose -4*z + 171 = 5*z. Suppose 2*f + 1530 = z*f. What is the tens digit of f?
9
Suppose -t = 3*t + 3*o - 99, 10 = 2*o. Suppose -1064 = t*w - 29*w. What is the hundreds digit of w?
1
Let w(f) = -5*f + 7. Let h be w(1). Suppose 0 = 9*t - h*t - 119. What is the tens digit of t?
1
Let x be (-2 - 16)*(0 + -1). Suppose -18 = -4*v + z, 0*v + 5*z + x = 2*v. What is the units digit of v?
4
Let d = 250 + 90. What is the units digit of d?
0
Let p = 4806 - 2797. What is the hundreds digit of p?
0
Suppose 0 = 14*g + 1974 - 434. Let w = g - -242. What is the tens digit of w?
3
Let t = 44 + -32. Suppose -2*q = -3*q + t. What is the tens digit of q?
1
Suppose -9*s = -316 - 899. What is the units digit of s?
5
Suppose 25 = 6*p + 7. Suppose 1 = t, p*x - t = 2*x + 11. Let w = 13 - x. What is the units digit of w?
1
Let g(o) = 2*o**3 - 2*o**2 + 2*o. Suppose 0 = 2*c + d + d - 16, -4*d = -16. What is the units digit of g(c)?
4
Let s be 3/3*(1 - -32). Let v be -1 - -1 - (-380)/95. Let l = s - v. What is the units digit of l?
9
Suppose -4*a + a = -5*k - 1592, -4*k = 2*a - 1054. What is the units digit of a?
9
Suppose 10 = -d + 17. Suppose -s = 5*g - d - 26, 0 = -2*s + 2*g + 18. Suppose -s*j = -17*j + 80. What is the tens digit of j?
2
Let b = -8 + 11. Let m = 0 + b. Suppose -3*a + 4*d = -15, a + 0*d - 10 = m*d. What is the units digit of a?
1
Let y(l) = 3*l**3 - 1. Let k be y(1). Suppose 79 = 3*c + v - 2*v, 53 = k*c - v. What is the tens digit of c?
2
Let k = 1511 - 1047. What is the tens digit of k?
6
Let g be 3/2*(-16)/12. What is the units digit of (8/(-4))/g*55?
5
Suppose i - 188 = -2*z + 748, -z - 6*i = -446. What is the units digit of z?
0
Suppose -6*u = 9*u. Let t(v) = 2*v + 25 + 4*v - 3*v. What is the units digit of t(u)?
5
Let s(c) = c**3 - 4*c**2 + 6*c - 6. Let j(f) = -f**2 + 6*f. Let h(t) = -t. Let w(v) = 6*h(v) + j(v). Let z(y) = -s(y) - 3*w(y). What is the units digit of z(6)?
6
Let k be -3 + 1 - 2 - -290. Let w(z) = -15*z + k - 286. What is the units digit of w(-4)?
0
Let k(u) be the second derivative of -u**5/20 + 11*u**4/12 - 4*u**3/3 - 5*u**2 - 32*u. What is the units digit of k(10)?
0
Let w(o) = -89*o - 23. What is the hundreds digit of w(-4)?
3
What is the hundreds digit of ((-14)/(-119) - (-3857)/17) + 2?
2
Suppose 4*u + r = 2248, -5*u + 4*u = 4*r - 577. What is the tens digit of u?
6
Let p(r) = r**2 - 3*r + 4. Suppose -2*j + 14 = 3*b, 3 = -j + 4*j. Suppose 0 = -b*s, -s - 2*s + 12 = 3*h. What is the units digit of p(h)?
8
Let z(y) = 4*y**2 - 2*y**3 - 11 - 7 + 9*y + 23 + 0*y**3. What is the tens digit of z(-3)?
6
Suppose 0 = -0*x + 11*x + 1100. Let d = x + 140. What is the tens digit of d?
4
Let u = 287 - 174. Suppose -2*v + u = -51. What is the tens digit of v?
8
Let c be (2/3)/(2/(-69)). Let p = 28 + c. Suppose -r - 2*d - 3*d = 7, r - p*d = 23. What is the units digit of r?
8
Let i = 19 - -103. What is the tens digit of i?
2
Let t = 2369 - 1631. What is the tens digit of t?
3
Let f(w) = -28*w + 217. What is the units digit of f(-29)?
9
Suppose -3*b = 5*b - 24. What is the tens digit of (b + 28/(-8))*-334?
6
Let o be (-2212)/7*(-2)/4. Suppose -5*d + 1247 = -o. What is the tens digit of d?
8
Let j = -94 - -171. Suppose 5*a + 2*a = j. What is the tens digit of a?
1
Let s be (208/10)/4 - (-13)/(-65). Suppose -2*y - h + 66 = 0, 142 = s*y - 3*h - 45. What is the units digit of y?
5
Suppose 10*d - 6*d = 1520. What is the hundreds digit of d?
3
Let u = -17 - -21. Suppose t - 2*q = -4*t + 341, -337 = -5*t + u*q. What is the tens digit of t?
6
Suppose d - 15 = -10. What is the units digit of 2 + (-8)/d - 1965/(-25)?
9
Let j be (-4*1)/((-9)/(-9)). Let v = j - -11. Suppose 2*a - z + 173 = v*a, 90 = 3*a - 4*z. What is the units digit of a?
4
Let u(s) be the first derivative of -11*s**2/2 - 3*s - 12. Let h(i) = -2*i. Let j(p) = -10*h(p) + 2*u(p). What is the units digit of j(-4)?
2
Let i(p) be the third derivative of 0*p - 2*p**2 + 0 + 0*p**4 + 19/3*p**3 + 1/60*p**5. What is the units digit of i(0)?
8
Suppose -2*z = -4*k - 9786, 5*k - 14646 = 19*z - 22*z. What is the hundreds digit of z?
8
Let j be (-1)/(0 + (56/(-57) - -1)). Let l = -20 - j. What is the tens digit of l?
3
Suppose -4*k + 435 - 3173 = -3*t, -k + 908 = t. What is the tens digit of t?
1
Suppose d - 4*x - 20 = 5*d, -x = 2*d + 15. Let b(k) = -k**2 - 10*k + 2. What is the units digit of b(d)?
2
Suppose -4*v = -4, -j + 3*v = j - 53. What is the units digit of 108/j - -1 - 2/(-14)?
5
What is the hundreds digit of 1*(-3 + (6 - (-557 + 6)))?
5
Let g = 27 + -13. Let q(t) = t**3 - 12*t**2 - 18*t + 34. What is the hundreds digit of q(g)?
1
Suppose 2*x + 2604 + 732 = 0. Let c = 643 + x. What is the tens digit of c/(-15) + (-6)/(-9)?
6
Let t(z) = -7*z + 14. Let h be (5 + -15)*(-1)/(-2). What is the tens digit of t(h)?
4
Suppose 1641 = -189*l + 192*l. What is the hundreds digit of l?
5
Let x = 29 - 42. Let r = x + 13. What is the tens digit of (4 - r) + 3 + 10?
1
What is the units digit of -4*(108625/(-44))/5?
5
Suppose -2*t = -5*b + 44, b = 2*b - 3*t - 14. Let c(h) = -6 - 2*h - 65*h**2 - 56*h**2 + 122*h**2. What is the units digit of c(b)?
2